{"id":8,"date":"2021-06-29T15:01:43","date_gmt":"2021-06-29T15:01:43","guid":{"rendered":"http:\/\/ce100limites.pt\/?page_id=8"},"modified":"2023-10-27T12:37:20","modified_gmt":"2023-10-27T11:37:20","slug":"inicio","status":"publish","type":"page","link":"https:\/\/ce100limites.pt\/","title":{"rendered":"In\u00edcio"},"content":{"rendered":"\n<p class=\"has-text-align-left has-black-color has-text-color\">Com dois espa\u00e7os distintos, um junto ao Metro de Odivelas e outro no Vale Grande a 5 minutos do Centro Comercial UBBO,  o <strong>Centro de Estudos 100Limites<\/strong> \u00e9 uma grande fam\u00edlia cujo objetivo passa por dotar os nossos alunos de ferramentas e val\u00eancias que os ajudem a alcan\u00e7ar o sucesso escolar. <\/p>\n\n\n\n<p class=\"has-text-align-left has-black-color has-text-color\">Inclus\u00e3o, empatia, dedica\u00e7\u00e3o e coopera\u00e7\u00e3o s\u00e3o os nossos pilares para um servi\u00e7o de qualidade, que se adapta a todos, abra\u00e7ando a diversidade e as necessidades especificas de cada um.<\/p>\n\n\n\n<p><\/p>\n","protected":false},"excerpt":{"rendered":"<p>Com dois espa\u00e7os distintos, um junto ao Metro de Odivelas e outro no Vale Grande a 5 minutos do Centro Comercial UBBO, o Centro de Estudos 100Limites \u00e9 uma grande fam\u00edlia cujo objetivo passa por dotar os nossos alunos de ferramentas e val\u00eancias que os ajudem a alcan\u00e7ar o sucesso escolar. Inclus\u00e3o, empatia, dedica\u00e7\u00e3o e &hellip; <\/p>\n<p class=\"link-more\"><a href=\"https:\/\/ce100limites.pt\/\" class=\"more-link\">Continuar a ler <span class=\"screen-reader-text\">&#8220;In\u00edcio&#8221;<\/span><\/a><\/p>\n","protected":false},"author":1,"featured_media":0,"parent":0,"menu_order":0,"comment_status":"closed","ping_status":"closed","template":"","meta":{"footnotes":""},"class_list":["post-8","page","type-page","status-publish","hentry"],"_links":{"self":[{"href":"https:\/\/ce100limites.pt\/index.php?rest_route=\/wp\/v2\/pages\/8","targetHints":{"allow":["GET"]}}],"collection":[{"href":"https:\/\/ce100limites.pt\/index.php?rest_route=\/wp\/v2\/pages"}],"about":[{"href":"https:\/\/ce100limites.pt\/index.php?rest_route=\/wp\/v2\/types\/page"}],"author":[{"embeddable":true,"href":"https:\/\/ce100limites.pt\/index.php?rest_route=\/wp\/v2\/users\/1"}],"replies":[{"embeddable":true,"href":"https:\/\/ce100limites.pt\/index.php?rest_route=%2Fwp%2Fv2%2Fcomments&post=8"}],"version-history":[{"count":4,"href":"https:\/\/ce100limites.pt\/index.php?rest_route=\/wp\/v2\/pages\/8\/revisions"}],"predecessor-version":[{"id":113,"href":"https:\/\/ce100limites.pt\/index.php?rest_route=\/wp\/v2\/pages\/8\/revisions\/113"}],"wp:attachment":[{"href":"https:\/\/ce100limites.pt\/index.php?rest_route=%2Fwp%2Fv2%2Fmedia&parent=8"}],"curies":[{"name":"wp","href":"https:\/\/api.w.org\/{rel}","templated":true}]}}